. Give c(u).
0
Let u(z) = -2400 + 2413 + 2*z**2 + 3*z**3 - 4*z**3 - z**2. Let p = -2 + 2. Suppose p = -2*f - 0*f + 2*t - 8, -2*t = -3*f - 8. What is u(f)?
13
Let b(x) be the first derivative of x**4/4 - 5*x**3/3 + 2*x**2 + 3*x + 1. Let t be (-12)/9*(-1 + -2). Calculate b(t).
3
Let c(u) = u**3 + 4*u**2 - 7*u - 2. Let v be 28/(-3) + (-5)/(-15). Let w = 4 + v. Give c(w).
8
Let l(v) = -v**2 + v. Suppose -4*k = 3 - 7. Let m(r) = 5*r - 6. Let n(q) = k*m(q) - l(q). Determine n(-5).
-1
Let i(w) be the second derivative of 0 - 3*w + 5/2*w**2 - 1/3*w**3. What is i(4)?
-3
Let k = 67 - 62. Let s(w) = w**2 - 6*w + 5. What is s(k)?
0
Let h(j) = -14*j**3 + 4*j**2 + 5*j - 2. Let v(z) = -z**2 - z + 1. Let b(o) = -h(o) - 3*v(o). Give b(-1).
-14
Let p(x) = x**3 - 22*x**2 + 18*x**2 - 2 + 4 + 2*x. Determine p(2).
-2
Let q(d) = -4*d**2 + 4*d**2 - 6*d**2 - 4*d + 3*d. Suppose 4*u - 6 = -5*p, 2*p - u + 1 = -6*u. Suppose -2 = -4*r + p. Give q(r).
-7
Let y be -2*(4/(-24) + 22/(-12)). Let s(t) = t**3 - 4*t**2 + 4*t - 2. Calculate s(y).
14
Let o(t) = -t**2 + t + 13. Let i be 0*-1*(-5)/10. Determine o(i).
13
Let q(t) be the second derivative of -t**3/6 + 5*t**2/2 - 3*t. Let p be q(4). Let m(g) = 5*g - 1 + 1. Calculate m(p).
5
Let m = -118 + 112. Let u(b) = -b**3 - 6*b**2 - 5*b - 3. Determine u(m).
27
Let b(r) be the first derivative of -r**4/2 + 4*r**3/3 - r**2 - r + 1. Suppose 0 = -d - 0*d + 4. Let a = d - 2. Give b(a).
-5
Let k(y) = y**3 + 6*y**2 - 6*y + 4. Let v(n) = -2*n + 6. Let a be v(8). Let j be (-5)/a - 15/2. Determine k(j).
-3
Let c(j) = 3 - 2 + 5*j + 2*j - 6*j. Determine c(-5).
-4
Let i(o) be the first derivative of o**4/4 + o**2/2 - o - 13. Calculate i(2).
9
Let o(y) = y + 4. Suppose 2 - 26 = -2*x + 5*k, 5*x = -2*k + 2. Suppose x*a + 3*f - 3 + 15 = 0, 5*f + 20 = 0. Determine o(a).
4
Let m(g) = g. Let o(n) = -5*n. Let x(l) = -6*m(l) - o(l). What is x(-4)?
4
Let m(l) be the third derivative of l**4/4 - l**3/6 - 3*l**2. Let k(u) = -u. Let w(x) = 2*k(x) + m(x). Calculate w(-1).
-5
Suppose 3*n + 6 = -3*d, -3*d - 55 = 5*n - 7*d. Let q(i) = i**2 + 7*i + 9. Give q(n).
9
Let p(l) be the first derivative of -2 + 6*l + l**2 - 4*l - 2*l**2 - l. Give p(-3).
7
Let k(w) = w**2 - 3*w. Suppose n = c + 9, -13 = -2*n + c - 0*c. Calculate k(n).
4
Let n(i) = -i**2 + 7*i + 40. Let a be n(11). Let s(u) = -4*u + 1. What is s(a)?
17
Let w(p) = -p**3 + 7*p**2 - 11*p + 12. Let d be w(5). Let g(f) = f**3 - 7*f**2 + 2*f - 2. Determine g(d).
12
Suppose -2*k - k = 0. Let y(l) be the first derivative of -l**5/120 + l**4/24 + l**3/3 - 1. Let o(u) be the third derivative of y(u). Give o(k).
1
Let x(z) = -6*z**2 + 3. Let j(l) = -7*l**2 - l + 4. Let v(b) = -5*j(b) + 6*x(b). Calculate v(7).
-16
Let k(r) = -11*r + 1 + 3*r + 3. Let o(p) = -1 - 3 - 12*p + 9 + 3*p. Let u(n) = -6*k(n) + 5*o(n). Give u(-2).
-5
Let a(l) = l**3 + 3*l**2 - 2*l - 4. Let y be 3/(-12)*3*4. Give a(y).
2
Let v be (-1)/3*-3 - 0. Let m(x) = 3*x - v - 2*x**2 - 2*x - 4*x. What is m(-3)?
-10
Let w(k) = -k + 3. Let f(g) = g**2 + 6*g + 3. Let o be f(-6). Let q(i) = 4 + 1 + 4*i + o*i**2 - 12*i - 2*i**2. Let j be q(8). What is w(j)?
-2
Suppose -5*d + j = -0*j - 8, d = j. Let y(m) = 2 - 2*m**d + 2*m - 3*m + 0*m + 3*m**2. Let s be (-8 - -2)/(-2) + -1. Determine y(s).
4
Let h(j) = 3*j + 1. Suppose 0 = -y + 2*x - 32, -12 = 2*y + 2*x + 22. Let c be y/(-8) - 6/8. What is h(c)?
7
Let u(h) be the third derivative of h**4/24 + 2*h**2. Let r(a) = -15*a + 1. Let b(n) = r(n) + 4*u(n). Let v be (-3)/(-3 + -2 + 2). Calculate b(v).
-10
Let y be ((-8)/10)/(2/10). Let m(d) = d**3 + 4*d**2 - 2*d - 6. Let i be m(y). Let o be 5/(i - 1) + -1. Let j(g) = g - 5. Calculate j(o).
-1
Let w = 0 - 5. Let g = 16 - 14. Let i(j) = -23 + 4 + 12 + 2*j + j**g. Calculate i(w).
8
Suppose 2*y = -0*y - 2. Let t(u) = 2*u**3 + u. Let h be t(y). Let b(l) = -4*l - 4. Give b(h).
8
Let c(p) = -p**3 + p - 1. Suppose 2 = -4*v + 6. Calculate c(v).
-1
Let n(t) = 8*t**2 - 4*t + 4. Let x(d) = 7*d**2 - 7*d + 7. Let c(s) = -20*s**2 + 22*s - 22. Let z(i) = -2*c(i) - 7*x(i). Let k(f) = -6*n(f) - 5*z(f). Give k(1).
-3
Let g(r) = r**3 - 5*r**2 + 7*r - 10. Let v be g(4). Let z(x) be the third derivative of -1/2*x**3 + 3*x**v - 1/6*x**4 + 1/60*x**5 + 0 + 0*x. Give z(5).
2
Suppose 4*o - 3*s - 3 = 0, -3 = -3*s + 2*s. Let r(j) = -3*j**2 + j - j**3 + 4*j**2 - 4 + 3*j**2. Give r(o).
8
Let d be 7 + (0 - 5 - -2). Suppose -3*c - 2*c - 80 = 0. Let m be 7/d - 4/c. Let n(b) = 3*b - 3. Determine n(m).
3
Let y be (-12)/(-8)*(1 + (2 - 1)). Let i(o) = -3*o. Determine i(y).
-9
Let i(q) = -1 - q - 4*q + 3*q + 3*q. Let u(s) = -3*s + 5. Let v(n) = 10*i(n) + 2*u(n). Determine v(-1).
-4
Let i(y) be the third derivative of -y**5/60 + y**4/8 + 2*y**3/3 - 8*y**2. What is i(6)?
-14
Let o(z) = z**2 + 9*z + 8. Let g be (-49)/63 + 1 + (-112)/18. Give o(g).
-10
Let r be 4/(-6)*(-3)/1. Suppose 7*b = r*b + 10. Let a(p) = 4*p - 2. Determine a(b).
6
Let m(f) = 6*f - 2. Let s(g) = 3*g - 4. Let r be s(2). What is m(r)?
10
Let h be 1/(-1)*38/2. Let l = 18 + h. Let f(c) = c + 1. What is f(l)?
0
Let m(v) = -v + 2. Let y(q) be the second derivative of -q**3/6 - q**2 + 2*q. Let o be y(-2). Suppose 2 + o = f. What is m(f)?
0
Let o(j) = -2*j + 2. Let k be 520/90 - (-2)/9. Calculate o(k).
-10
Let z = 32 - 12. Suppose 2*r + z = 7*r. Let j(h) = -h**2 + h + 1. Let c(p) = -p**3 + 11*p**2 - 11*p - 7. Let n(y) = -c(y) - 6*j(y). Give n(r).
5
Let i(q) = q - 1. Let s(h) = h**3 + 3*h**2 - 6*h + 2. Let v(r) = -6*i(r) - s(r). Let d = -5 - -7. Suppose -z - a - d = 0, -10 + 2 = 3*z + a. Calculate v(z).
4
Let f(i) = i**2 - 8*i + 2. Let r = -15 + 21. Determine f(r).
-10
Let j(k) be the first derivative of -k**3/3 - 2*k**2 + k - 1. Suppose -1 = -h + 3. Suppose -h*v - 15 = v. Give j(v).
4
Let w(f) = 2*f - 1 + 3 - 4*f + f. Let p be 2/7 + 69/(-21). Calculate w(p).
5
Let d(m) = m + 6. Let c(h) = -7*h + 56. Let q be c(8). Determine d(q).
6
Let z(n) = -2*n + 4 - 2 - 15 + n. Determine z(-7).
-6
Let x(z) = z**2 - 1. Suppose -o = -9 - 0. Let d be (-1*1)/(o + -10). What is x(d)?
0
Let o(y) = -5*y**2 + 18*y + 7. Let g(m) = 2*m**2 - 9*m - 3. Let a(t) = 7*g(t) + 3*o(t). Determine a(-9).
0
Let f be 3/(-3)*15 - 2. Let m(r) = -20*r**3 - 5*r**2 + 9*r + 35. Let n(o) = 3 + 3*o - 2*o**2 + 9 + 0*o**2 - 7*o**3. Let p(s) = f*n(s) + 6*m(s). Give p(5).
-4
Let b(p) be the third derivative of p**5/60 - 5*p**4/24 + p**3/2 - p**2. Let i = 1 + 4. Give b(i).
3
Let v(h) = h**3 + 4*h**2 - 4*h + 7. Let r be v(-5). Suppose o + r = -3. Let m(l) = -2*l - 4. Give m(o).
6
Let s(y) = y**3 - 9*y**2 + 10*y - 12. Let d be s(8). Let b(g) = -5*g - 16. Let n(t) = 4*t + 15. Let j(h) = d*n(h) + 3*b(h). What is j(-6)?
6
Let q(j) = -j**3 + 3*j**2 + 6*j - 4. Suppose -18 = -6*b + 6. Give q(b).
4
Let p(s) = 4*s. Let y(m) be the third derivative of -1/12*m**4 + 1/6*m**3 + 1/30*m**5 + 0 + 0*m + 3*m**2. Let n be y(1). What is p(n)?
4
Suppose -4*p = -l - 14 + 33, -5*l + 2*p + 23 = 0. Suppose -v + z - 8 = 0, -z - z - 4 = l*v. Let f(y) = y**2 + 2*y - 5. Give f(v).
3
Suppose -2*l = -7*l. Suppose 0 = w - 1 - 0. Let v(n) = -4*n + 3*n + 0*n**2 - w - n**2. What is v(l)?
-1
Suppose j = 5*j. Suppose j = -2*b - 2 - 2. Let y(f) = -2*f**3 - 2 - f**2 - 5*f + 2*f - 3*f**2. Determine y(b).
4
Let l(d) be the second derivative of -d**5/60 + d**4/24 + d**3/6 + d**2 - d. Let p(r) be the first derivative of l(r). Give p(-2).
-5
Let v(i) = -i + 13. Let w be (-5)/3 + 3/(-9). Let y be ((-3)/2)/(w/8). Determine v(y).
7
Let t be (-3)/(0 + (-6)/4). Let q(a) = -5*a**2 + 2*a**2 + 4*a**t - 6*a**2. Give q(-1).
-5
Let w be (8/(-24))/(1 + (-11)/12). Let p(z) = z**3 + 5*z**2 + 3*z + 3. Determine p(w).
7
Let t = 0 - 1. Let u = 5 + t. Let d(p) = 5*p**2 - 2 + u - 3. Determine d(1).
4
Let d(k) be the second derivative of -k**5/40 - k**4/8 - 2*k**3/3 + 4*k. Let z(v) be the second derivative of d(v). Calculate z(-3).
6
Let d(h) = h**3 - 4*h**2 - 4*h - 7. Let v(i) = -2*i - 11. Let c be v(-8). Suppose 0 = c*z - 17 - 38. Suppose 2*a + 1 = z. Determine d(a).
-2
Let q = -9 + 4. Let b(o) = 2*o**2 + 6*o + 1. Let g(n) be the third derivative of n**5/20 + 11*n**4/24 + n**3/2 + n**2. Let u(x) = q*b(x) + 3*g(x). What is u(4)?
0
Let o(u) = 5*u**2 + 1 + 4*u**3 - 2*u**3 - u**3 - u**2 - 6*u. Suppose 13*k - 15*k - 10 = 0. What is o(k)?
6
Let j(s) be the thi